hat is the greatest common factor of 1666 and 113798?
34
Calculate the highest common factor of 217 and 1505.
7
What is the highest common factor of 416 and 776?
8
What is the greatest common divisor of 43790 and 15855?
755
What is the highest common factor of 10070 and 1615?
95
Calculate the greatest common divisor of 52 and 53348.
4
Calculate the highest common factor of 7544 and 779.
41
Calculate the greatest common factor of 35 and 11858.
7
Calculate the highest common divisor of 8762 and 1014.
26
What is the highest common factor of 5040 and 13410?
90
Calculate the highest common factor of 34 and 143786.
34
What is the greatest common factor of 54 and 39717?
27
What is the highest common factor of 13132 and 24108?
196
Calculate the greatest common factor of 1810 and 30.
10
Calculate the highest common factor of 167 and 407.
1
Calculate the greatest common divisor of 377465 and 55.
55
What is the highest common divisor of 6270 and 2430?
30
Calculate the highest common factor of 58696 and 4147.
319
Calculate the greatest common divisor of 75708 and 216.
108
Calculate the highest common factor of 36 and 8982.
18
What is the greatest common factor of 660548 and 434?
434
What is the greatest common factor of 9492 and 565?
113
Calculate the highest common divisor of 4698 and 5046.
174
Calculate the highest common divisor of 26547 and 9.
3
Calculate the greatest common divisor of 6440 and 1400.
280
What is the greatest common factor of 78 and 135928?
26
What is the highest common divisor of 405 and 401355?
405
Calculate the highest common factor of 78147 and 57.
57
Calculate the highest common divisor of 401 and 439897.
401
What is the greatest common factor of 27475 and 700?
175
Calculate the highest common factor of 14570 and 7595.
155
What is the greatest common divisor of 3880 and 265?
5
Calculate the greatest common factor of 12 and 211644.
12
Calculate the highest common divisor of 5612 and 41297.
61
Calculate the greatest common divisor of 132636 and 28.
28
Calculate the highest common factor of 4036603 and 93.
31
Calculate the greatest common factor of 147784 and 312.
104
What is the highest common factor of 63 and 88851?
21
Calculate the highest common factor of 220 and 7180.
20
Calculate the greatest common divisor of 1416638 and 313.
313
Calculate the highest common factor of 71289 and 178.
89
Calculate the highest common divisor of 552 and 27416.
184
What is the highest common divisor of 3944 and 596?
4
What is the highest common divisor of 40 and 4936?
8
Calculate the highest common divisor of 2010 and 870.
30
What is the highest common factor of 1760 and 1568?
32
Calculate the greatest common factor of 104 and 66625.
13
What is the greatest common factor of 69662 and 2318?
122
What is the highest common divisor of 70923 and 94?
47
Calculate the highest common factor of 90724 and 592.
148
Calculate the greatest common factor of 120 and 127770.
30
What is the highest common factor of 924 and 1072236?
132
What is the highest common divisor of 275625 and 441?
441
What is the greatest common factor of 4023 and 6556?
149
Calculate the highest common factor of 10956 and 420.
12
Calculate the highest common factor of 67769 and 16842.
401
What is the greatest common factor of 3360 and 984?
24
Calculate the greatest common factor of 3800 and 51832.
152
What is the greatest common factor of 4104 and 56?
8
What is the highest common divisor of 259848 and 10426?
802
What is the greatest common divisor of 135 and 261?
9
What is the highest common factor of 2012439 and 66?
33
Calculate the highest common divisor of 145 and 977242.
29
Calculate the highest common divisor of 3748 and 4.
4
What is the greatest common divisor of 1058988 and 1764?
588
What is the greatest common divisor of 108 and 486891?
27
What is the greatest common factor of 6300 and 1120?
140
Calculate the highest common factor of 127160 and 102.
34
What is the highest common divisor of 41557 and 29?
29
Calculate the highest common factor of 10845 and 3840.
15
What is the highest common factor of 405 and 83637?
9
Calculate the greatest common factor of 1149785 and 285.
95
What is the greatest common factor of 51988 and 164?
164
What is the greatest common factor of 5725 and 596545?
1145
What is the greatest common divisor of 50 and 13110?
10
What is the greatest common factor of 44880 and 84320?
1360
Calculate the greatest common divisor of 5577 and 47421.
33
What is the highest common divisor of 1764 and 2156?
196
What is the highest common divisor of 522 and 1458207?
261
What is the highest common factor of 55 and 40645?
55
Calculate the greatest common divisor of 18 and 2176326.
18
Calculate the greatest common divisor of 721 and 17407.
103
What is the greatest common divisor of 775 and 54095?
155
What is the highest common divisor of 120 and 1096?
8
What is the greatest common divisor of 12719 and 2765?
553
What is the greatest common factor of 1804 and 690112?
164
What is the highest common factor of 45018 and 36?
18
What is the greatest common factor of 5 and 680215?
5
Calculate the highest common divisor of 3970748 and 47.
47
Calculate the greatest common factor of 7281 and 105979.
809
Calculate the greatest common factor of 1517594 and 26.
26
Calculate the greatest common divisor of 65538 and 81.
9
What is the highest common factor of 8 and 72908?
4
Calculate the greatest common divisor of 29 and 2395371.
29
Calculate the greatest common factor of 2376 and 81312.
264
Calculate the highest common factor of 710818 and 3809.
293
Calculate the greatest common divisor of 33445 and 15.
5
Calculate the greatest common divisor of 41774 and 2.
2
What is the highest common factor of 6 and 5138?
2
Calculate the highest common divisor of 476057 and 5283.
587
Calculate the highest common divisor of 261 and 24447.
87
What is the greatest common factor of 63523 and 26963?
457
What is the greatest common factor of 1400427 and 27?
9
Calculate the highest common factor of 4732 and 65.
13
Calculate the highest common divisor of 14 and 653758.
14
Calculate the greatest common divisor of 405 and 33735.
15
What is the greatest common divisor of 26 and 4194203?
13
Calculate the highest common factor of 85 and 110920.
5
What is the greatest common divisor of 486 and 726?
6
What is the highest common factor of 11305 and 1105?
85
Calculate the greatest common factor of 3056 and 2768.
16
What is the highest common divisor of 74 and 56425?
37
What is the highest common factor of 157606 and 2?
2
What is the highest common factor of 57523 and 97129?
943
What is the greatest common divisor of 438 and 5795397?
219
What is the greatest common factor of 91 and 2912?
91
What is the highest common divisor of 159271 and 33733?
427
Calculate the highest common factor of 688 and 87118.
86
Calculate the greatest common factor of 49 and 2904818.
49
What is the greatest common factor of 86947 and 7?
7
What is the greatest common divisor of 44 and 127688?
44
Calculate the highest common factor of 20 and 1921130.
10
Calculate the greatest common divisor of 5772 and 23569.
481
Calculate the greatest common factor of 24 and 5235036.
12
Calculate the highest common factor of 6 and 333903.
3
What is the greatest common divisor of 10 and 10555?
5
Calculate the greatest common divisor of 350 and 46165.
35
What is the highest common divisor of 2848 and 55456?
32
What is the greatest common factor of 351 and 5031?
117
What is the highest common divisor of 27936 and 594?
18
Calculate the greatest common divisor of 396576 and 224.
32
Calculate the highest common divisor of 176278 and 2120.
106
Calculate the highest common factor of 5382 and 1886.
46
Calculate the greatest common factor of 100 and 11840.
20
What is the highest common factor of 21440 and 512?
64
Calculate the greatest common divisor of 5240 and 2882.
262
Calculate the highest common divisor of 6725 and 120781.
269
What is the highest common divisor of 762 and 309499?
127
What is the highest common divisor of 7961 and 285?
19
Calculate the highest common divisor of 9693 and 64979.
359
Calculate the highest common divisor of 2 and 26417.
1
What is the highest common divisor of 1032 and 752672?
344
Calculate the greatest common factor of 423766 and 14.
14
Wh